Suppose 5*b - 3*p = 5011217, -4*b - 2*p + 3461174 = -547782. Is b a prime number?
True
Suppose 0 = -3*s + 2*v + 113823, -29*v + 34*v + 15 = 0. Is s a prime number?
False
Suppose 2*p = 5*p - 33. Let u(q) = 38*q + 174. Let y be u(-4). Is 2/p + 7014/y prime?
False
Suppose -11*t + 26 + 18 = 0. Let a be 6/(-8) - (5235/t)/(-5). Suppose n + 2*n = a. Is n prime?
False
Let g = -25 - -44. Suppose 23*h - g*h - 292 = 0. Let j = h + -6. Is j prime?
True
Suppose -5*y - 187854 = -5*l - 607514, -83926 = -y + 3*l. Is y prime?
False
Let q(o) = -2*o**3 - o**2 + 13*o + 15. Suppose -13*t = -0*t + 104. Is q(t) prime?
False
Let r be 82/(((-4)/(-14))/(18/21)). Let i = r + -59. Is i composite?
True
Suppose 0 = 16*n - 48327 - 59235 - 77990. Is n a composite number?
False
Let n(z) = -22516*z - 4505. Is n(-7) a composite number?
False
Suppose 7530 + 13912 = -2*y. Is -13 - -10 - (y - 1/(-1)) prime?
False
Suppose -33*s + 2394 = 5*s. Suppose -74*i + 74459 = -s*i. Is i a prime number?
False
Let s(m) = -8*m**3 - 4*m**2 - 11*m - 6. Let l(p) = 7*p**3 + 3*p**2 + 10*p + 5. Let q(x) = 7*l(x) + 6*s(x). Suppose -9*v + 3*v = -42. Is q(v) a composite number?
False
Is 82/164 + 5*(-2)/(-4) + 635714 a prime number?
False
Suppose -1177096 = -4*b - 2*o, -310*b + 1177096 = -306*b - 5*o. Is b prime?
False
Let j be (-2)/(-6) + 72/27. Suppose -2*p = j*p + 5*u - 376635, -150659 = -2*p + 3*u. Is p/40 + (-1)/5 a composite number?
True
Let v(s) = 152*s**2 + 82*s - 71. Is v(-16) a composite number?
False
Suppose -9*g - 5 = -10*g. Suppose 0*x = l + 3*x + 1111, -g*x + 15 = 0. Let w = l - -2187. Is w prime?
False
Let p be 5/10*(-4 + -2). Is (-3 - 40/p)/((-1)/(-447)) a prime number?
False
Let x be (352/18)/11 - 2/(-9). Is (-79076)/(-10) + 3/(-10)*x composite?
False
Suppose 0 = x - 3*i - 143087, 5*x - 715471 = -719*i + 716*i. Is x composite?
False
Let w(u) = u**3 - 7*u**2 - u + 4. Let a be w(7). Suppose -3*q + 677 = -67. Is 2/6 - q/a composite?
False
Suppose 23*n + 364512 + 198252 = 0. Let j = -13625 - n. Is j composite?
True
Suppose -3*v - 1317 = -6*v. Suppose -440*g + v*g + 379 = 0. Is g composite?
False
Let a = -410630 - -804097. Is a a composite number?
True
Let i(f) = -f**3 + 5*f**2 - 5*f + 6. Let h be i(4). Suppose 3*k - 118 - 97 = -y, -h*k + 120 = -4*y. Is (-1440)/(-14) - (-10)/k a prime number?
True
Is ((-1995230)/(-30))/(110/(-30) - -4) composite?
False
Suppose -5*n + 5*l = 12*n - 3739482, -l - 879879 = -4*n. Is n prime?
True
Suppose 2*f - 5*x = 8, 0 = 5*x - 5 - 5. Suppose 790 - 25 = -5*w. Is (-2 + -51)*w/f a prime number?
False
Let l = 5311 - 13793. Let t = l + 12053. Is t composite?
False
Let i = -58412 - -171361. Is i a composite number?
True
Let l be 2 - (4 - (7833 + -2)). Suppose -l = -2*q - 2*q - 3*p, -p = -5*q + 9810. Let x = q - 814. Is x composite?
True
Let i = 85 + -84. Let p be (-3 - (i + 5))/((-6)/4). Suppose p*a - 2*a = 3476. Is a composite?
True
Suppose 0 = 82*c - 78*c + 5*s - 699654, -5*s + 349832 = 2*c. Is c composite?
True
Let j = 7 - -4. Suppose 0*b - 2*b + 10 = -g, 5*b + 6*g + 9 = 0. Suppose -j*p = -b*p - 9368. Is p a prime number?
True
Suppose 3*s + 4*u + 1 = 0, 4*s + 3*u + 0 = 8. Suppose 11593 = s*b - 4*g, -4*b - 4*g = -g - 9293. Is b composite?
True
Let t(m) = -2*m**2 + 2828. Let i be t(0). Let g = -1673 + i. Suppose g = 5*y + n - 2226, 3*y - 2043 = 3*n. Is y composite?
False
Suppose 5*k = 6*k + q - 9, -q = 3*k - 17. Suppose 2*y - 4*t = -9 + 33, -4*y = k*t. Suppose 4*r + 3*u - 416 = 3*r, 0 = y*u + 8. Is r composite?
True
Let x(q) = -108*q - 31. Let u be (3/(-4))/((4 + -2)/32). Let r be x(u). Suppose -9*i + 7322 - r = 0. Is i a prime number?
True
Suppose -3*r = h - 11, -2*h + 4*r - 5 = 3. Suppose h*a = 2*i + 4*a - 3864, -a - 5 = 0. Is i prime?
False
Let f(y) = -64*y - 41. Let h(d) = d**2 - 18*d - 7. Let m be h(18). Let x(i) = -i**2 - 4*i + 8. Let t be x(m). Is f(t) a composite number?
True
Suppose -10*x - 58568 + 524898 = 0. Is x prime?
True
Let q = 325602 + 52603. Is q prime?
False
Suppose -32*x + 2544313 + 2059431 = 0. Is x composite?
True
Suppose 0 = -127*o - 7936632 + 31284185. Is o prime?
False
Let t(w) = -1164*w + 31. Let h be t(-9). Let i = h - -288. Suppose -11*p + 16*p = i. Is p a composite number?
True
Let j(r) = r**2 - 9*r + 8. Let b be j(8). Suppose b = 5*l - 11 - 4. Suppose -f + 116 = -5*h - 230, l*f - 5*h - 1038 = 0. Is f prime?
False
Is 75210/(-654)*(66904/(-10) - 1) a prime number?
False
Suppose -d = -3*c - c + 805911, 3*c - 2*d - 604437 = 0. Is c/27 + (-1)/9 + 3 prime?
False
Is 253410 + (-1 + -6)*(-46 + 45) a composite number?
False
Suppose -3*k - 66 + 42 = 0. Let t(u) = -200*u + 93. Is t(k) a prime number?
True
Let z(r) be the third derivative of 1363*r**4/24 - 7*r**3/6 - 20*r**2. Is z(2) composite?
False
Let d(b) = 9075*b**2 + 30*b - 52. Let j(i) = 9076*i**2 + 31*i - 53. Let a(s) = 4*d(s) - 3*j(s). Is a(2) composite?
False
Let y(j) = j**2 - 1. Let v(z) = 6*z**2 + 1. Let r be (-1)/(3/1 + -4). Let a(k) = r*v(k) + 2*y(k). Is a(1) prime?
True
Let p(o) = o**3 - 19*o**2 + 19*o - 12. Let x be p(18). Suppose -r + 28 = x*r. Let n(f) = 216*f + 5. Is n(r) composite?
True
Suppose 2*y - 4*n = 990, -2*y + 2*n + 926 = 6*n. Is y a composite number?
False
Is (22/6 - 95/57) + 57035 composite?
False
Is ((-6)/(-15))/(54/(-697185))*(-7 - -4) prime?
True
Let a(l) = -3*l - l**2 - 1 - 1 + 218*l**3 + 0*l - 2. Let m be a(-3). Is m/(-25) - (-3)/(-5) composite?
True
Suppose -4*q - 12 = -5*q. Let v(j) = 15*j**2 - 6*j + 7. Is v(q) a composite number?
True
Let p(v) = -v - 7. Let y be p(-11). Suppose -756 = -y*z - 0*z. Let l = 10 + z. Is l prime?
True
Let j(t) = 2*t**2 - 8*t + 2. Let o be j(3). Is 3702/(o + 6) + (-4)/1 a prime number?
True
Suppose 7*u - 2*v + 464 = 11*u, -3*v - 366 = -3*u. Is u a prime number?
False
Suppose 17*c = -108*c + 1131930 + 3954695. Is c a composite number?
False
Suppose -6*i + 10*i = -4. Let x(a) = -25*a + 9. Let y(r) = 1. Let w(f) = i*x(f) - 5*y(f). Is w(9) a composite number?
False
Suppose 7*v + 3790 = -7613. Let t = -1127 - v. Is t a composite number?
True
Suppose 0 = 3*w + 5*a + 3, 7*w - 3*w + 3*a = 7. Suppose -3*r + 4 = -2*r, -w*h + 6512 = -5*r. Is h a composite number?
True
Suppose -m - m = p - 14912, -3*p - 22377 = -3*m. Let c be (21495 - -45)*(1 + 0). Suppose 2*k - m - 3299 = -5*v, 0 = 4*k - 4*v - c. Is k a composite number?
True
Suppose -10*n - 314012 = 19*n. Let o = 15242 + n. Is o a prime number?
False
Is ((-54829)/9)/(110/(-990)) a prime number?
True
Let a = -10535 - -5267. Let p = 7987 + a. Is p a composite number?
False
Is 415793/9 + (32/56)/((-180)/70) a composite number?
False
Let t(q) = 14*q**2 - 17*q + 69. Let i(y) = -40*y**2 + 51*y - 207. Let z(s) = -3*i(s) - 8*t(s). Is z(20) a composite number?
True
Suppose 5*a - 27 = -2*t, -3*a + 5 = 2*t - 12. Suppose p - 1606 = -y - 3*p, a*y - 8110 = -4*p. Let o = y - 583. Is o a composite number?
True
Suppose -30 = -46*d + 40*d. Suppose 5*x - 59495 = -5*n, d*n + 2*x - 11895 = 4*n. Is n a composite number?
False
Let f be (-2 - -6) + -2 - (3 + -6). Let m be (-4)/(-100)*5 - (-24)/f. Suppose 4*x - 2971 = -m*l, -x + 4*x - l - 2214 = 0. Is x a composite number?
False
Let u = -327 + 87. Let s(z) = z**3 - 20*z**2 - 7*z + 33. Let q be s(20). Let l = q - u. Is l a prime number?
False
Let x(c) = -13*c - 7. Let d be x(-1). Suppose 7*b - d*b - 934 = 0. Is b a composite number?
True
Let u = 399 + -372. Suppose -u*q + 32540 = -23*q. Is q a composite number?
True
Let m(t) = 31*t + 91. Let a be m(-3). Is 297861/(-258)*(2/a - 1) a prime number?
True
Let u(h) = h**3 - 14*h**2 - 14*h - 9. Let i be u(15). Suppose n = -5*j + 153, -5*j - 825 = n - i*n. Is n composite?
False
Suppose -2*r + 3*x = 2*r - 23, 12 = r - 2*x. Suppose -r*n - 3*n - 4*i = 205, -15 = 3*i. Let b = n + 70. Is b prime?
False
Let x(w) be the second derivative of -w**5/20 + 29*w**4/12 - 11*w**3/3 - 17*w**2/2 + 83*w + 2. Is x(26) prime?
True
Let a be 7 + (-21)/9*3. Suppose 4*n + w = 6744, 4*n - 6728 = -a*n + 3*w. Is n a composite number?
True
Suppose 0 = -3*n - d + 4*d + 15, 5 = -5*d. Suppose 0 = 2*q + 2*r + 5 + 11, -4*r + 16 = -n*q. Is (-167 + 0)/(1 + q/3) a composite number?
False
Let d be (-4333)/(-2) + 1 + 15/(-10). Let f = 971 + d. Is f composite?
False
Let o be 40/40*(-714 - (-1 - -1)). Let g = -235 - o. Is g a prime number?
True
Suppose -302*v + 300